{"id":28,"date":"2021-09-20T13:47:56","date_gmt":"2021-09-20T13:47:56","guid":{"rendered":"https:\/\/elektro.itt.cz\/?page_id=28"},"modified":"2021-09-24T09:09:14","modified_gmt":"2021-09-24T09:09:14","slug":"home","status":"publish","type":"page","link":"https:\/\/elektro.itt.cz\/","title":{"rendered":"Dom\u016f"},"content":{"rendered":"\t\t<div data-elementor-type=\"wp-page\" data-elementor-id=\"28\" class=\"elementor elementor-28\" data-elementor-settings=\"[]\">\n\t\t\t\t\t\t\t<div class=\"elementor-section-wrap\">\n\t\t\t\t\t\t\t<section class=\"elementor-section elementor-top-section elementor-element elementor-element-2d846ab9 elementor-section-boxed elementor-section-height-default elementor-section-height-default\" data-id=\"2d846ab9\" data-element_type=\"section\">\n\t\t\t\t\t\t<div class=\"elementor-container elementor-column-gap-default\">\n\t\t\t\t\t<div class=\"elementor-column elementor-col-100 elementor-top-column elementor-element elementor-element-2a2e9ed7\" data-id=\"2a2e9ed7\" data-element_type=\"column\">\n\t\t\t<div class=\"elementor-widget-wrap elementor-element-populated\">\n\t\t\t\t\t\t\t\t<div class=\"elementor-element elementor-element-a47a451 elementor-widget elementor-widget-spacer\" data-id=\"a47a451\" data-element_type=\"widget\" data-widget_type=\"spacer.default\">\n\t\t\t\t<div class=\"elementor-widget-container\">\n\t\t\t\t\t<div class=\"elementor-spacer\">\n\t\t\t<div class=\"elementor-spacer-inner\"><\/div>\n\t\t<\/div>\n\t\t\t\t<\/div>\n\t\t\t\t<\/div>\n\t\t\t\t<div class=\"elementor-element elementor-element-71db2a55 elementor-widget elementor-widget-text-editor\" data-id=\"71db2a55\" data-element_type=\"widget\" data-widget_type=\"text-editor.default\">\n\t\t\t\t<div class=\"elementor-widget-container\">\n\t\t\t\t\t\t\t<p><!-- wp:cover {\"overlayColor\":\"white\",\"align\":\"full\"} --><\/p>\n<div class=\"wp-block-cover alignfull has-white-background-color has-background-dim\" style=\"margin-left: -261.5px; margin-right: -261.5px;\">\n<div class=\"wp-block-cover__inner-container\">\n<p><!-- wp:heading {\"textAlign\":\"center\",\"style\":{\"color\":{\"text\":\"#3c4858\"}}} --><\/p>\n<h2 class=\"has-text-align-center has-text-color\" style=\"color: #3c4858;\">Prov\u00e1d\u00edme<\/h2>\n<p><!-- \/wp:heading --><\/p>\n<p><!-- wp:spacer {\"height\":40} --><\/p>\n<div style=\"height: 40px;\" aria-hidden=\"true\" class=\"wp-block-spacer\"><\/div>\n<p><!-- \/wp:spacer --><\/p>\n<p><!-- wp:columns {\"verticalAlignment\":\"top\",\"align\":\"full\"} --><\/p>\n<div class=\"wp-block-columns alignfull are-vertically-aligned-top\" style=\"margin-left: -14px; margin-right: -14px;\">\n<p><!-- wp:column {\"verticalAlignment\":\"top\",\"width\":\"120%\"} --><\/p>\n<div class=\"wp-block-column is-vertically-aligned-top\" style=\"flex-basis: 120%;\">\n<p><!-- wp:group --><\/p>\n<div class=\"wp-block-group\">\n<p><!-- wp:group {\"align\":\"full\"} --><\/p>\n<div class=\"wp-block-group alignfull\" style=\"margin-left: -14px; margin-right: -14px;\">\n<p><!-- wp:columns {\"align\":\"full\"} --><\/p>\n<div class=\"wp-block-columns alignfull\" style=\"margin-left: 0px; margin-right: 0px;\">\n<p><!-- wp:column --><\/p>\n<div class=\"wp-block-column\">\n<p><!-- wp:heading {\"textAlign\":\"center\",\"level\":5,\"style\":{\"color\":{\"text\":\"#3c4858\"},\"typography\":{\"fontSize\":18}}} --><\/p>\n<h5 class=\"has-text-align-center has-text-color\" style=\"color: #3c4858; font-size: 18px;\">Elektromont\u00e1\u017ee<\/h5>\n<p><!-- \/wp:heading --><\/p>\n<p><!-- wp:paragraph {\"align\":\"center\",\"style\":{\"typography\":{\"fontSize\":14}},\"textColor\":\"black\"} --><\/p>\n<p class=\"has-text-align-center has-black-color has-text-color\" style=\"font-size: 14px;\"><strong>Kompletn\u00ed elektromont\u00e1\u017en\u00ed pr\u00e1ce<\/strong><\/p>\n<p><!-- \/wp:paragraph --><\/p>\n<p><!-- wp:paragraph {\"align\":\"center\",\"style\":{\"typography\":{\"fontSize\":14}},\"textColor\":\"black\"} --><\/p>\n<p class=\"has-text-align-center has-black-color has-text-color\" style=\"font-size: 14px;\"><strong>Ve\u0161ker\u00e9 pr\u00e1ce dle norem \u010cSN<\/strong><\/p>\n<p><!-- \/wp:paragraph --><\/p>\n<p><!-- wp:paragraph {\"align\":\"center\",\"style\":{\"typography\":{\"fontSize\":14}},\"textColor\":\"black\"} --><\/p>\n<p class=\"has-text-align-center has-black-color has-text-color\" style=\"font-size: 14px;\"><strong>N\u00e1vrh a osazen\u00ed rozvad\u011b\u010d\u016f <\/strong><\/p>\n<p><!-- \/wp:paragraph --><\/p>\n<p><!-- wp:paragraph {\"align\":\"center\",\"style\":{\"typography\":{\"fontSize\":14}},\"textColor\":\"black\"} --><\/p>\n<p class=\"has-text-align-center has-black-color has-text-color\" style=\"font-size: 14px;\"><strong>Rekonstrukce rozvod\u016f elekt\u0159iny <\/strong><\/p>\n<p><!-- \/wp:paragraph --><\/p>\n<p><!-- wp:paragraph {\"align\":\"center\",\"style\":{\"typography\":{\"fontSize\":14}},\"textColor\":\"black\"} --><\/p>\n<p class=\"has-text-align-center has-black-color has-text-color\" style=\"font-size: 14px;\"><strong>Opravy a v\u00fdm\u011bna jisti\u010d\u016f a pojistek<\/strong><\/p>\n<p class=\"has-text-align-center has-black-color has-text-color\" style=\"font-size: 14px;\"><strong> P\u0159esun z\u00e1suvek, vyp\u00edna\u010d\u016f a sv\u011btel<\/strong><\/p>\n<p><!-- \/wp:paragraph --><\/p>\n<p><!-- wp:paragraph {\"align\":\"center\",\"style\":{\"typography\":{\"fontSize\":14}},\"textColor\":\"black\"} --><\/p>\n<p class=\"has-text-align-center has-black-color has-text-color\" style=\"font-size: 14px;\">\n<\/p><p><!-- \/wp:paragraph --><\/p>\n<p><!-- wp:paragraph --><\/p>\n<p><!-- \/wp:paragraph --><\/p>\n<\/div>\n<p><!-- \/wp:column --><\/p>\n<p><!-- wp:column --><\/p>\n<div class=\"wp-block-column\">\n<p><!-- wp:heading {\"textAlign\":\"center\",\"level\":5,\"style\":{\"color\":{\"text\":\"#3c4858\"},\"typography\":{\"fontSize\":18}}} --><\/p>\n<h5 class=\"has-text-align-center has-text-color\" style=\"color: #3c4858; font-size: 18px;\">Automatizace budov<\/h5>\n<p><!-- \/wp:heading --><\/p>\n<p><!-- wp:paragraph {\"align\":\"center\",\"style\":{\"typography\":{\"fontSize\":14}},\"textColor\":\"black\"} --><\/p>\n<p class=\"has-text-align-center has-black-color has-text-color\" style=\"font-size: 14px;\"><strong>N\u00e1vrh a realizace chytr\u00e9 dom\u00e1cnosti <\/strong><\/p>\n<p><!-- \/wp:paragraph --><\/p>\n<p><!-- wp:paragraph {\"align\":\"center\",\"style\":{\"typography\":{\"fontSize\":14}},\"textColor\":\"black\"} --><\/p>\n<p class=\"has-text-align-center has-black-color has-text-color\" style=\"font-size: 14px;\"><strong>Jednotn\u00fd syst\u00e9m ovl\u00e1d\u00e1n\u00ed <br><\/strong><\/p>\n<p class=\"has-text-align-center has-black-color has-text-color\" style=\"font-size: 14px;\"><strong><a href=\"https:\/\/www.loxone.com\/\">Loxone<\/a><br><\/strong><\/p>\n<p><!-- \/wp:paragraph --><\/p>\n<p><!-- wp:paragraph {\"align\":\"center\",\"style\":{\"typography\":{\"fontSize\":14}},\"textColor\":\"black\"} --><\/p>\n<p class=\"has-text-align-center has-black-color has-text-color\" style=\"font-size: 14px;\"><strong>Topen\u00ed, klimatizace <\/strong><\/p>\n<p><!-- \/wp:paragraph --><\/p>\n<p><!-- wp:paragraph {\"align\":\"center\",\"style\":{\"typography\":{\"fontSize\":14}},\"textColor\":\"black\"} --><\/p>\n<p class=\"has-text-align-center has-black-color has-text-color\" style=\"font-size: 14px;\"><strong>St\u00edn\u011bn\u00ed<\/strong><\/p>\n<p><!-- \/wp:paragraph --><\/p>\n<p><!-- wp:paragraph {\"align\":\"center\",\"style\":{\"typography\":{\"fontSize\":14}},\"textColor\":\"black\"} --><\/p>\n<p class=\"has-text-align-center has-black-color has-text-color\" style=\"font-size: 14px;\"><strong>Audio, video<\/strong><\/p>\n<p><!-- \/wp:paragraph --><\/p>\n<p><!-- wp:paragraph {\"align\":\"center\",\"style\":{\"typography\":{\"fontSize\":14}},\"textColor\":\"black\"} --><\/p>\n<p class=\"has-text-align-center has-black-color has-text-color\" style=\"font-size: 14px;\"><strong>Z\u00e1vlaha&#8230;<\/strong><\/p>\n<p><!-- \/wp:paragraph --><\/p>\n<p><!-- wp:spacer {\"height\":25} --><\/p>\n<div style=\"height: 25px;\" aria-hidden=\"true\" class=\"wp-block-spacer\"><\/div>\n<p><!-- \/wp:spacer --><\/p>\n<\/div>\n<p><!-- \/wp:column --><\/p>\n<p><!-- wp:column --><\/p>\n<div class=\"wp-block-column\">\n<p><!-- wp:heading {\"textAlign\":\"center\",\"level\":5,\"style\":{\"color\":{\"text\":\"#3c4858\"},\"typography\":{\"fontSize\":18}}} --><\/p>\n<h5 class=\"has-text-align-center has-text-color\" style=\"color: #3c4858; font-size: 18px;\">Kamerov\u00e9 syst\u00e9my<\/h5>\n<p><!-- \/wp:heading --><\/p>\n<p><!-- wp:paragraph {\"align\":\"center\",\"style\":{\"typography\":{\"fontSize\":14}},\"textColor\":\"black\"} --><\/p>\n<p class=\"has-text-align-center has-black-color has-text-color\" style=\"font-size: 14px;\"><strong>Instalace kamerov\u00fdch syst\u00e9m\u016f <\/strong><\/p>\n<p><!-- \/wp:paragraph --><\/p>\n<p><!-- wp:paragraph {\"align\":\"center\",\"style\":{\"typography\":{\"fontSize\":14}},\"textColor\":\"black\"} --><\/p>\n<p class=\"has-text-align-center has-black-color has-text-color\" style=\"font-size: 14px;\"><strong>Ukl\u00e1d\u00e1n\u00ed z\u00e1znamu na datov\u00e9 \u00falo\u017ei\u0161t\u011b <\/strong><\/p>\n<p><!-- \/wp:paragraph --><\/p>\n<p><!-- wp:paragraph {\"align\":\"center\",\"style\":{\"typography\":{\"fontSize\":14}},\"textColor\":\"black\"} --><\/p>\n<p class=\"has-text-align-center has-black-color has-text-color\" style=\"font-size: 14px;\"><strong>Vzd\u00e1len\u00fd p\u0159\u00edstup p\u0159es aplikaci<\/strong><\/p>\n<p><!-- \/wp:paragraph --><\/p>\n<p><!-- wp:spacer {\"height\":25} --><\/p>\n<div style=\"height: 25px;\" aria-hidden=\"true\" class=\"wp-block-spacer\"><\/div>\n<p><!-- \/wp:spacer --><\/p>\n<\/div>\n<p><!-- \/wp:column --><\/p>\n<p><!-- wp:column {\"verticalAlignment\":\"top\"} --><\/p>\n<div class=\"wp-block-column is-vertically-aligned-top\">\n<p><!-- wp:heading {\"textAlign\":\"center\",\"level\":5,\"style\":{\"color\":{\"text\":\"#3c4858\"},\"typography\":{\"fontSize\":18}}} --><\/p>\n<h5 class=\"has-text-align-center has-text-color\" style=\"color: #3c4858; font-size: 18px;\">Datov\u00e9 s\u00edt\u011b<\/h5>\n<p><!-- \/wp:heading --><\/p>\n<p><!-- wp:paragraph {\"align\":\"center\",\"style\":{\"typography\":{\"fontSize\":14}},\"textColor\":\"black\"} --><\/p>\n<p class=\"has-text-align-center has-black-color has-text-color\" style=\"font-size: 14px;\"><strong>Rozvody LAN<br><\/strong><\/p>\n<p class=\"has-text-align-center has-black-color has-text-color\" style=\"font-size: 14px;\"><strong>Datov\u00e9 rozvad\u011b\u010de<\/strong><\/p>\n<p><!-- \/wp:paragraph --><\/p>\n<p><!-- wp:paragraph {\"align\":\"center\",\"style\":{\"typography\":{\"fontSize\":14}},\"textColor\":\"black\"} --><\/p>\n<p class=\"has-text-align-center has-black-color has-text-color\" style=\"font-size: 14px;\"><strong>WIFI<\/strong><\/p>\n<p><!-- \/wp:paragraph --><\/p>\n<p><!-- wp:paragraph {\"align\":\"center\",\"style\":{\"typography\":{\"fontSize\":14}},\"textColor\":\"black\"} --><\/p>\n<p class=\"has-text-align-center has-black-color has-text-color\" style=\"font-size: 14px;\"><strong>Strukturovan\u00e1 kabel\u00e1\u017e<\/strong><\/p>\n<p class=\"has-text-align-center has-black-color has-text-color\" style=\"font-size: 14px;\"><strong><a href=\"http:\/\/ittechnik.cz\/\">Spr\u00e1va s\u00edt\u011b<\/a><br><\/strong><\/p>\n<p class=\"has-text-align-center has-black-color has-text-color\" style=\"font-size: 14px;\"><strong><a href=\"http:\/\/ittechnik.cz\/\">Outsourcing IT<\/a><br><\/strong><\/p>\n<p>L<\/p>\n<p><!-- \/wp:paragraph --><\/p>\n<p><!-- wp:spacer {\"height\":25} --><\/p>\n<div style=\"height: 25px;\" aria-hidden=\"true\" class=\"wp-block-spacer\"><\/div>\n<p><!-- \/wp:spacer --><\/p>\n<\/div>\n<p><!-- \/wp:column --><\/p>\n<\/div>\n<p><!-- \/wp:columns --><\/p>\n<\/div>\n<p><!-- \/wp:group --><\/p>\n<\/div>\n<p><!-- \/wp:group --><\/p>\n<\/div>\n<p><!-- \/wp:column --><\/p>\n<\/div>\n<p><!-- \/wp:columns --><\/p>\n<p><!-- wp:spacer {\"height\":40} --><\/p>\n<div style=\"height: 40px;\" aria-hidden=\"true\" class=\"wp-block-spacer\"><\/div>\n<p><!-- \/wp:spacer --><\/p>\n<\/div>\n<\/div>\n<p><!-- \/wp:cover --><\/p>\n<p><!-- wp:columns --><\/p>\n<div class=\"wp-block-columns\">\n<p><!-- wp:column --><\/p>\n<div class=\"wp-block-column\">\n<p><!-- wp:spacer {\"height\":55} --><\/p>\n<div style=\"height: 55px;\" aria-hidden=\"true\" class=\"wp-block-spacer\"><\/div>\n<p><!-- \/wp:spacer --><\/p>\n<p><!-- wp:heading --><\/p>\n<h2>O n\u00e1s<\/h2>\n<p><!-- \/wp:heading --><\/p>\n<p><!-- wp:paragraph --><\/p>\n<p>Jsme firma s&nbsp;dlouholetou tradic\u00ed, zab\u00fdv\u00e1me se mont\u00e1\u017eemi elektro, instalujeme kamerov\u00e9 syst\u00e9my, zas\u00ed\u0165ujeme va\u0161i dom\u00e1cnost, budovu, firmu wifi sign\u00e1lem nebo LAN rozvody, navrhneme a zrealizujeme automatizaci budov \u010di inteligentn\u00ed dom\u00e1cnost.<\/p>\n<p><!-- \/wp:paragraph --><\/p>\n<\/div>\n<p><!-- \/wp:column --><\/p>\n<\/div>\n<p><!-- \/wp:columns --><\/p>\t\t\t\t\t\t<\/div>\n\t\t\t\t<\/div>\n\t\t\t\t\t<\/div>\n\t\t<\/div>\n\t\t\t\t\t\t\t<\/div>\n\t\t<\/section>\n\t\t\t\t\t\t<\/div>\n\t\t\t\t\t<\/div>\n\t\t","protected":false},"excerpt":{"rendered":"<p>O n\u00e1s Jsme firma s&nbsp;dlouholetou tradic\u00ed, zab\u00fdv\u00e1me se mont\u00e1\u017eemi elektro, instalujeme kamerov\u00e9 syst\u00e9my, zas\u00ed\u0165ujeme va\u0161i dom\u00e1cnost, budovu, firmu wifi sign\u00e1lem nebo LAN rozvody, navrhneme a zrealizujeme automatizaci budov \u010di inteligentn\u00ed dom\u00e1cnost.<\/p>\n","protected":false},"author":1,"featured_media":188,"parent":0,"menu_order":0,"comment_status":"closed","ping_status":"closed","template":"","meta":{"footnotes":""},"class_list":["post-28","page","type-page","status-publish","has-post-thumbnail","hentry"],"yoast_head":"<!-- This site is optimized with the Yoast SEO plugin v26.4 - https:\/\/yoast.com\/wordpress\/plugins\/seo\/ -->\n<title>ElektroITT<\/title>\n<meta name=\"description\" content=\"Jsme firma s dlouholetou tradic\u00ed, zab\u00fdv\u00e1me se mont\u00e1\u017eemi elektro, instalujeme kamerov\u00e9 syst\u00e9my, zas\u00ed\u0165ujeme va\u0161i dom\u00e1cnost, budovu, firmu wifi sign\u00e1lem nebo LAN rozvody,\" \/>\n<meta name=\"robots\" content=\"index, follow, max-snippet:-1, max-image-preview:large, max-video-preview:-1\" \/>\n<link rel=\"canonical\" href=\"https:\/\/elektro.itt.cz\/\" \/>\n<meta property=\"og:locale\" content=\"en_US\" \/>\n<meta property=\"og:type\" content=\"article\" \/>\n<meta property=\"og:title\" content=\"ElektroITT\" \/>\n<meta property=\"og:description\" content=\"Jsme firma s dlouholetou tradic\u00ed, zab\u00fdv\u00e1me se mont\u00e1\u017eemi elektro, instalujeme kamerov\u00e9 syst\u00e9my, zas\u00ed\u0165ujeme va\u0161i dom\u00e1cnost, budovu, firmu wifi sign\u00e1lem nebo LAN rozvody,\" \/>\n<meta property=\"og:url\" content=\"https:\/\/elektro.itt.cz\/\" \/>\n<meta property=\"og:site_name\" content=\"Elektro ITT\" \/>\n<meta property=\"article:modified_time\" content=\"2021-09-24T09:09:14+00:00\" \/>\n<meta property=\"og:image\" content=\"https:\/\/elektro.itt.cz\/wp-content\/uploads\/2021\/09\/management-1981653_1920.jpg\" \/>\n\t<meta property=\"og:image:width\" content=\"1920\" \/>\n\t<meta property=\"og:image:height\" content=\"1440\" \/>\n\t<meta property=\"og:image:type\" content=\"image\/jpeg\" \/>\n<meta name=\"twitter:card\" content=\"summary_large_image\" \/>\n<meta name=\"twitter:label1\" content=\"Est. reading time\" \/>\n\t<meta name=\"twitter:data1\" content=\"1 minute\" \/>\n<script type=\"application\/ld+json\" class=\"yoast-schema-graph\">{\"@context\":\"https:\/\/schema.org\",\"@graph\":[{\"@type\":\"WebPage\",\"@id\":\"https:\/\/elektro.itt.cz\/\",\"url\":\"https:\/\/elektro.itt.cz\/\",\"name\":\"ElektroITT\",\"isPartOf\":{\"@id\":\"https:\/\/elektro.itt.cz\/#website\"},\"primaryImageOfPage\":{\"@id\":\"https:\/\/elektro.itt.cz\/#primaryimage\"},\"image\":{\"@id\":\"https:\/\/elektro.itt.cz\/#primaryimage\"},\"thumbnailUrl\":\"https:\/\/elektro.itt.cz\/wp-content\/uploads\/2021\/09\/management-1981653_1920.jpg\",\"datePublished\":\"2021-09-20T13:47:56+00:00\",\"dateModified\":\"2021-09-24T09:09:14+00:00\",\"description\":\"Jsme firma s dlouholetou tradic\u00ed, zab\u00fdv\u00e1me se mont\u00e1\u017eemi elektro, instalujeme kamerov\u00e9 syst\u00e9my, zas\u00ed\u0165ujeme va\u0161i dom\u00e1cnost, budovu, firmu wifi sign\u00e1lem nebo LAN rozvody,\",\"breadcrumb\":{\"@id\":\"https:\/\/elektro.itt.cz\/#breadcrumb\"},\"inLanguage\":\"en-US\",\"potentialAction\":[{\"@type\":\"ReadAction\",\"target\":[\"https:\/\/elektro.itt.cz\/\"]}]},{\"@type\":\"ImageObject\",\"inLanguage\":\"en-US\",\"@id\":\"https:\/\/elektro.itt.cz\/#primaryimage\",\"url\":\"https:\/\/elektro.itt.cz\/wp-content\/uploads\/2021\/09\/management-1981653_1920.jpg\",\"contentUrl\":\"https:\/\/elektro.itt.cz\/wp-content\/uploads\/2021\/09\/management-1981653_1920.jpg\",\"width\":1920,\"height\":1440},{\"@type\":\"BreadcrumbList\",\"@id\":\"https:\/\/elektro.itt.cz\/#breadcrumb\",\"itemListElement\":[{\"@type\":\"ListItem\",\"position\":1,\"name\":\"Home\",\"item\":\"https:\/\/elektro.itt.cz\/\"},{\"@type\":\"ListItem\",\"position\":2,\"name\":\"Dom\u016f\"}]},{\"@type\":\"WebSite\",\"@id\":\"https:\/\/elektro.itt.cz\/#website\",\"url\":\"https:\/\/elektro.itt.cz\/\",\"name\":\"Elektro ITT\",\"description\":\"\",\"publisher\":{\"@id\":\"https:\/\/elektro.itt.cz\/#organization\"},\"potentialAction\":[{\"@type\":\"SearchAction\",\"target\":{\"@type\":\"EntryPoint\",\"urlTemplate\":\"https:\/\/elektro.itt.cz\/?s={search_term_string}\"},\"query-input\":{\"@type\":\"PropertyValueSpecification\",\"valueRequired\":true,\"valueName\":\"search_term_string\"}}],\"inLanguage\":\"en-US\"},{\"@type\":\"Organization\",\"@id\":\"https:\/\/elektro.itt.cz\/#organization\",\"name\":\"Elektro ITT\",\"url\":\"https:\/\/elektro.itt.cz\/\",\"logo\":{\"@type\":\"ImageObject\",\"inLanguage\":\"en-US\",\"@id\":\"https:\/\/elektro.itt.cz\/#\/schema\/logo\/image\/\",\"url\":\"https:\/\/elektro.itt.cz\/wp-content\/uploads\/2021\/09\/cropped-logo.png\",\"contentUrl\":\"https:\/\/elektro.itt.cz\/wp-content\/uploads\/2021\/09\/cropped-logo.png\",\"width\":186,\"height\":48,\"caption\":\"Elektro ITT\"},\"image\":{\"@id\":\"https:\/\/elektro.itt.cz\/#\/schema\/logo\/image\/\"}}]}<\/script>\n<!-- \/ Yoast SEO plugin. -->","yoast_head_json":{"title":"ElektroITT","description":"Jsme firma s dlouholetou tradic\u00ed, zab\u00fdv\u00e1me se mont\u00e1\u017eemi elektro, instalujeme kamerov\u00e9 syst\u00e9my, zas\u00ed\u0165ujeme va\u0161i dom\u00e1cnost, budovu, firmu wifi sign\u00e1lem nebo LAN rozvody,","robots":{"index":"index","follow":"follow","max-snippet":"max-snippet:-1","max-image-preview":"max-image-preview:large","max-video-preview":"max-video-preview:-1"},"canonical":"https:\/\/elektro.itt.cz\/","og_locale":"en_US","og_type":"article","og_title":"ElektroITT","og_description":"Jsme firma s dlouholetou tradic\u00ed, zab\u00fdv\u00e1me se mont\u00e1\u017eemi elektro, instalujeme kamerov\u00e9 syst\u00e9my, zas\u00ed\u0165ujeme va\u0161i dom\u00e1cnost, budovu, firmu wifi sign\u00e1lem nebo LAN rozvody,","og_url":"https:\/\/elektro.itt.cz\/","og_site_name":"Elektro ITT","article_modified_time":"2021-09-24T09:09:14+00:00","og_image":[{"width":1920,"height":1440,"url":"https:\/\/elektro.itt.cz\/wp-content\/uploads\/2021\/09\/management-1981653_1920.jpg","type":"image\/jpeg"}],"twitter_card":"summary_large_image","twitter_misc":{"Est. reading time":"1 minute"},"schema":{"@context":"https:\/\/schema.org","@graph":[{"@type":"WebPage","@id":"https:\/\/elektro.itt.cz\/","url":"https:\/\/elektro.itt.cz\/","name":"ElektroITT","isPartOf":{"@id":"https:\/\/elektro.itt.cz\/#website"},"primaryImageOfPage":{"@id":"https:\/\/elektro.itt.cz\/#primaryimage"},"image":{"@id":"https:\/\/elektro.itt.cz\/#primaryimage"},"thumbnailUrl":"https:\/\/elektro.itt.cz\/wp-content\/uploads\/2021\/09\/management-1981653_1920.jpg","datePublished":"2021-09-20T13:47:56+00:00","dateModified":"2021-09-24T09:09:14+00:00","description":"Jsme firma s dlouholetou tradic\u00ed, zab\u00fdv\u00e1me se mont\u00e1\u017eemi elektro, instalujeme kamerov\u00e9 syst\u00e9my, zas\u00ed\u0165ujeme va\u0161i dom\u00e1cnost, budovu, firmu wifi sign\u00e1lem nebo LAN rozvody,","breadcrumb":{"@id":"https:\/\/elektro.itt.cz\/#breadcrumb"},"inLanguage":"en-US","potentialAction":[{"@type":"ReadAction","target":["https:\/\/elektro.itt.cz\/"]}]},{"@type":"ImageObject","inLanguage":"en-US","@id":"https:\/\/elektro.itt.cz\/#primaryimage","url":"https:\/\/elektro.itt.cz\/wp-content\/uploads\/2021\/09\/management-1981653_1920.jpg","contentUrl":"https:\/\/elektro.itt.cz\/wp-content\/uploads\/2021\/09\/management-1981653_1920.jpg","width":1920,"height":1440},{"@type":"BreadcrumbList","@id":"https:\/\/elektro.itt.cz\/#breadcrumb","itemListElement":[{"@type":"ListItem","position":1,"name":"Home","item":"https:\/\/elektro.itt.cz\/"},{"@type":"ListItem","position":2,"name":"Dom\u016f"}]},{"@type":"WebSite","@id":"https:\/\/elektro.itt.cz\/#website","url":"https:\/\/elektro.itt.cz\/","name":"Elektro ITT","description":"","publisher":{"@id":"https:\/\/elektro.itt.cz\/#organization"},"potentialAction":[{"@type":"SearchAction","target":{"@type":"EntryPoint","urlTemplate":"https:\/\/elektro.itt.cz\/?s={search_term_string}"},"query-input":{"@type":"PropertyValueSpecification","valueRequired":true,"valueName":"search_term_string"}}],"inLanguage":"en-US"},{"@type":"Organization","@id":"https:\/\/elektro.itt.cz\/#organization","name":"Elektro ITT","url":"https:\/\/elektro.itt.cz\/","logo":{"@type":"ImageObject","inLanguage":"en-US","@id":"https:\/\/elektro.itt.cz\/#\/schema\/logo\/image\/","url":"https:\/\/elektro.itt.cz\/wp-content\/uploads\/2021\/09\/cropped-logo.png","contentUrl":"https:\/\/elektro.itt.cz\/wp-content\/uploads\/2021\/09\/cropped-logo.png","width":186,"height":48,"caption":"Elektro ITT"},"image":{"@id":"https:\/\/elektro.itt.cz\/#\/schema\/logo\/image\/"}}]}},"_links":{"self":[{"href":"https:\/\/elektro.itt.cz\/index.php?rest_route=\/wp\/v2\/pages\/28","targetHints":{"allow":["GET"]}}],"collection":[{"href":"https:\/\/elektro.itt.cz\/index.php?rest_route=\/wp\/v2\/pages"}],"about":[{"href":"https:\/\/elektro.itt.cz\/index.php?rest_route=\/wp\/v2\/types\/page"}],"author":[{"embeddable":true,"href":"https:\/\/elektro.itt.cz\/index.php?rest_route=\/wp\/v2\/users\/1"}],"replies":[{"embeddable":true,"href":"https:\/\/elektro.itt.cz\/index.php?rest_route=%2Fwp%2Fv2%2Fcomments&post=28"}],"version-history":[{"count":101,"href":"https:\/\/elektro.itt.cz\/index.php?rest_route=\/wp\/v2\/pages\/28\/revisions"}],"predecessor-version":[{"id":336,"href":"https:\/\/elektro.itt.cz\/index.php?rest_route=\/wp\/v2\/pages\/28\/revisions\/336"}],"wp:featuredmedia":[{"embeddable":true,"href":"https:\/\/elektro.itt.cz\/index.php?rest_route=\/wp\/v2\/media\/188"}],"wp:attachment":[{"href":"https:\/\/elektro.itt.cz\/index.php?rest_route=%2Fwp%2Fv2%2Fmedia&parent=28"}],"curies":[{"name":"wp","href":"https:\/\/api.w.org\/{rel}","templated":true}]}}